 = -5*p, 0 = 3*g + 4*p + 3. Let c = 4 - g. What are the prime factors of c?
5
Let h = -11 - -15. Suppose -h - 1 = -y. Let j = 8 - y. List the prime factors of j.
3
Let o(v) = -37*v + 57. List the prime factors of o(-8).
353
What are the prime factors of (-4 - -34)*28/(-6)*-1?
2, 5, 7
Let o(q) = -q**3 + 3*q**2 + 6*q - 2. Let u be o(5). Suppose -3*z = -6, 3*p - p - 2*z + 96 = 0. Let a = u - p. List the prime factors of a.
2, 3
What are the prime factors of ((-40)/6)/(5/(-15))?
2, 5
Let k(a) = a**3 - 4*a**2 + 2*a - 1. List the prime factors of k(5).
2, 17
Suppose 0 = 2*p + 4*j - 12, 3*p - 4*p + 2*j + 2 = 0. Suppose p*l + 132 = 8*l. What are the prime factors of l?
3, 11
Let b(i) = i**3 - 8*i**2 + 5*i + 6. List the prime factors of b(8).
2, 23
Let a = -126 + 204. List the prime factors of a.
2, 3, 13
What are the prime factors of (-5)/30*-87*6?
3, 29
Let g(j) = -j**3 - 6*j**2 - j + 4. Let m be -4*((-9)/(-6))/3. Let n be ((-12)/(-14))/(m/14). What are the prime factors of g(n)?
2, 5
Let t(k) = k + 3. Let m be t(-1). List the prime factors of -2*(-5 - -1) - m.
2, 3
Let j(k) = k**2 - 3*k + 1. Let q(d) = -d**2 - 4*d + 1. Let i be q(-2). What are the prime factors of j(i)?
11
Suppose -7 + 4 = -q. Let z be (q + 2 + 0)*-2. What are the prime factors of ((-8)/z)/(1/10)?
2
Let c(v) = 2*v - 9. Let p be c(9). Suppose 4*n = 23 + p. List the prime factors of n.
2
Let g(w) = w**3 + 2*w**2 + 2*w + 7. What are the prime factors of g(3)?
2, 29
Suppose -4*q - 76 = 2*i - 724, 5*i - 2*q = 1656. What are the prime factors of i?
2, 3, 5, 11
Let s = -198 - -282. What are the prime factors of s?
2, 3, 7
Let u = 7 + 6. What are the prime factors of u?
13
Let o = 27 - -29. What are the prime factors of o?
2, 7
List the prime factors of 2/(-12) - 22270/(-60).
7, 53
Let v(q) = -1. Let f(o) = 6*o**2 + 3. Let t(b) = f(b) + 2*v(b). What are the prime factors of t(1)?
7
Let z(u) = u**3 + 8*u**2 - 5*u - 10. Let y be z(-7). Suppose -p + 92 = 5*r, p + y = 5*r - 24. What are the prime factors of r?
19
Suppose -2 = 2*a + 4. List the prime factors of (-45)/(a/1) + 3.
2, 3
Suppose -h + 92 = -3*y, y = 4*h + h - 488. What are the prime factors of h?
2, 7
Suppose i = 2 - 0, u - 4*i = 108. What are the prime factors of u?
2, 29
Let p(a) = a**3 - 4*a**2 + 3*a - 5. Let g be p(4). Suppose -o + g = -2*o. List the prime factors of (-33)/(-7) - 2/o.
5
Let t(x) = -7*x**2. Let n be t(-1). Let a = n + 18. What are the prime factors of ((1 - 0)*a)/1?
11
Suppose 4 = 4*q - 28. Let s be (-1)/(-1 + 1/2). Suppose 0 = -s*z + 5*j + 7 + q, 5 = -5*j. List the prime factors of z.
5
Suppose 0 = -2*c + 4*c - j - 16, 0 = -2*c - 3*j + 32. Let i = c + -9. Suppose 3*p = 67 - i. List the prime factors of p.
2, 11
Let h be (-5)/(25/(-10)) - -3. Let o be -1 + -1*1*2. What are the prime factors of (o - h)/(0 - 2)?
2
Let w be 16/(-6)*(-9)/(-6). Let g = 8 + w. Suppose j - g - 2 = 0. What are the prime factors of j?
2, 3
Let o be 6/(-3) - 8/(-2). Suppose 45 = 3*f - r, 5*f + 3*r = o*r + 75. Let a = f + -11. What are the prime factors of a?
2
Suppose 0 = 4*n - 7 + 3. What are the prime factors of 14 + (n - (-6)/(-2))?
2, 3
Let c = -44 - -76. What are the prime factors of c?
2
Let g(o) = -o**2 + 12*o - 7. Let h be g(11). Let y = -2 + 2. Suppose y = -f + 2*q + 14, 56 = h*f + 3*q. What are the prime factors of f?
2, 7
Suppose -8 = -o + 3*o, -3*a - 3*o - 12 = 0. Suppose -5*x + 2*l + 242 = a, l + 2*l + 243 = 5*x. List the prime factors of x.
2, 3
Suppose -2*m = -5*m - 4*j + 788, -3*j = -4*m + 1034. Suppose 3*y - m = -2*y. List the prime factors of (y/(-8))/(1/(-2)).
13
Let s = 75 + -45. Suppose 9*t - s = 4*t. List the prime factors of t.
2, 3
Suppose 44 = 2*y - 2*o - 0, 114 = 5*y - 4*o. What are the prime factors of y?
2, 13
Suppose -29 = -5*r + 31. What are the prime factors of r?
2, 3
Let p(b) = -3 - b - 1 + 2. Let h be p(-4). Suppose 0 = -2*a - h, 3*w - 2*a - 10 = -4*a. What are the prime factors of w?
2
Let r(u) = u**3 - 5*u**2 - 3*u + 6. Let g(t) = 2*t**3 - 9*t**2 - 6*t + 11. Let c(s) = 4*g(s) - 7*r(s). What are the prime factors of c(3)?
11
Let i(f) = 3*f**2 + 10*f + 5. Let p(a) = -a**2 - a - 1. Let z(j) = i(j) + 4*p(j). Let w be z(5). Suppose -s + w = -6. List the prime factors of s.
2, 3
Suppose 441 = -w + 10*w. List the prime factors of w.
7
Suppose w + 6*s - 2*s - 8 = 0, 2*w + 4*s - 8 = 0. Suppose 8 = -w*g + 4*g. List the prime factors of g.
2
What are the prime factors of 33 + 5 + 3/(-1)?
5, 7
List the prime factors of 0/2 - (-3 - (96 + 2)).
101
Suppose -18 + 48 = -5*w. Let m(k) be the first derivative of k**3/3 + 2*k**2 - 5*k + 1. What are the prime factors of m(w)?
7
Let y(v) = -v**3 + 8*v**2 - 5*v - 6. Let j be y(6). Let q be -3*4/(j/(-15)). Let o = 12 + q. List the prime factors of o.
17
Suppose 0 = 6*y - y - 5. Suppose -4*t + 7 = -17. Let x = t + y. List the prime factors of x.
7
Let s(t) = 139*t + 4. List the prime factors of s(1).
11, 13
Suppose 2*a + p - 33 = 0, -5*a - 2*p + 81 = -0*a. List the prime factors of ((-50)/a)/(2/(-3)).
5
Suppose 0 = w - 5*w + 8. Suppose -6*q + q + 40 = -w*z, 0 = q - z - 11. What are the prime factors of q?
2, 3
Let w = -4 + 3. Let c be (w + 63/6)*-2. Let r = c + 27. List the prime factors of r.
2
Suppose -4*i + 28 = -2*i. Let m(k) = k**2 - k - 3. Let r be m(3). Suppose 5*q - 49 = 4*p, q = 2*p + r*p + i. List the prime factors of q.
3
Suppose -c - 2*c = -114. Suppose -2*n + c = d - 3*d, 0 = -5*d - 10. List the prime factors of n + -1 + 0/2.
2
Let s = 35 + -13. Let m = -19 + s. List the prime factors of m.
3
List the prime factors of 682/6 + 1 + 6/(-9).
2, 3, 19
Let i(y) = 2 + y**3 - 2*y + 2*y. Let t be i(0). Suppose 4*x = -2*c + 8, -c + 3*c - 32 = t*x. What are the prime factors of c?
2, 3
Suppose p = 2*p. Suppose -2*r - 5*q + 52 = p, 4*r + r - 2*q = 72. List the prime factors of r.
2
Suppose 4 - 18 = -3*n + 2*z, 2*z = -3*n + 34. List the prime factors of n.
2
Let j = -20 + 12. Let u = 29 + j. List the prime factors of u.
3, 7
Suppose -5*w = -2*h - 10, w + 10 = -2*h - 0. Let s(r) = -2*r - 1. Let m(u) = -2*u - 1. Let i(b) = -5*m(b) + 6*s(b). List the prime factors of i(h).
3
Suppose -r + 5*m = -5 - 8, 0 = 4*r - 5*m - 7. Let d be (2 - 0) + r + 2. What are the prime factors of 1/(-2) + 17/d?
2
Suppose -3*f = -5*f + 30. What are the prime factors of f?
3, 5
Suppose o = -0*o - 2*r + 11, -r + 7 = o. Suppose -o*w + w + 30 = 0. List the prime factors of w.
3, 5
List the prime factors of (3 + 21/9)*9.
2, 3
Suppose -5*k = -0*z - 5*z - 975, -2*k + 393 = z. What are the prime factors of k?
2, 7
What are the prime factors of ((-3)/(-2))/(2/(-552)*-3)?
2, 3, 23
Let z(c) = -2*c**2 - 3*c. Let j be z(-3). List the prime factors of (-78)/j*(-3)/(-2).
13
Suppose 2*y - 44 = -0*y. What are the prime factors of y?
2, 11
Let c be 6/3*-1 - -66. Let h = c - 34. List the prime factors of h.
2, 3, 5
Suppose -5*d = -4*i - 27, 5*d + 2*i = d + 6. Suppose 0*j = d*j - 12. Suppose -35 = -j*s - s. List the prime factors of s.
7
Let p be (-13 + (6 - 3))/1. List the prime factors of (-12)/5*p/3.
2
Suppose -12 = 3*m - 7*m - b, -m - 3*b - 8 = 0. Let w = 18 - 13. Suppose -2*g - 26 = -m*g + w*l, 0 = -4*g + 4*l + 28. List the prime factors of g.
3
Let u be ((-24)/14)/((-2)/49). Let v = u + -29. What are the prime factors of v?
13
Suppose -k - 5*b = -27, -2*k - 2*b + 4 = -5*k. Suppose k*q + 2 = -n, 2*n = 2*q + 4 + 16. Suppose n*l - 20 = 2*l. List the prime factors of l.
5
What are the prime factors of (1290/45)/(4/6)?
43
Suppose -5*r + 15 = v, 2*r + 54 = 5*v + 6. Suppose 26 = 4*d - v. What are the prime factors of d?
3
Let u(p) = -p + 13. Let d be u(0). Let f = d + -22. Let a = f - -22. List the prime factors of a.
13
Let i be 33*(1 - 10/6). Let g(m) = 12*m - 3. Let a(o) = o. Let s(c) = i*a(c) + 2*g(c). What are the prime factors of s(6)?
2, 3
Suppose 7*h - 3*h = 80. Let k = 0 + h. What are the prime factors of k?
2, 5
Suppose -2*n + 5*q - 14 = 0, -3*q = -4*n - 5*q - 4. Let g(s) = -10*s - 2. List the prime factors of g(n).
2, 3
Let o be (-128)/(-3) + 11/33. Suppose 3*c - 44 = o. What are the prime factors of c?
29
Suppose -65 = 5*n + 160. Let l = n + 64. List the prime factors of l.
19
Let r(x) = 4*x**2 + x + 3. Let y be r(3). Suppose -3*z + j + y = 2*j, -68 = -5*z - j. What are the prime factors of z?
13
Let o(b) be t